 + 5*h**2/2 + 69*h. Give u(-4).
9
Let l(w) be the third derivative of w**8/20160 - w**7/1008 + w**6/720 + 11*w**5/12 + 45*w**2. Let n(v) be the third derivative of l(v). Give n(5).
1
Let x(c) = -2*c**3 - 3*c + 1. Let t be x(2). Let l = t - -26. Let r(o) = -o**3 + 5*o**2 + o. Determine r(l).
5
Let k(x) = -4*x - 8. Let m(z) = -z**3 - 2*z**2 + 20*z + 41. Let n be m(-4). What is k(n)?
20
Let z(h) = 9*h + 27. Let p(r) = r + 2. Let y(j) = -12*p(j) + z(j). What is y(2)?
-3
Let t(u) = 7*u - 4 + 4. Suppose 4*m - 18*m = 28. Calculate t(m).
-14
Suppose -22*p = -23*p - 4. Let f(q) = -11*q + 1. Let j(l) = 5*l. Let u(z) = -2*f(z) - 5*j(z). Calculate u(p).
10
Let w(u) = -u**3 - 4*u**2 - 2*u - 2. Suppose 5*s = -6 + 1. Let k be 18/(-24)*(-8)/(-2). Let r = s + k. Determine w(r).
6
Let l(w) = 0*w + 22 - 9 + 10*w. Let c(i) = -3 + 17 - 5 + 7*i. Let k(m) = 7*c(m) - 5*l(m). Determine k(-5).
3
Let l(h) = 8*h - 4 - h - 5*h. Let m be l(4). Let g(w) = -m*w**2 + w + 2*w**2 + 5*w**2. Calculate g(1).
4
Let b be (-1 - -1)/(-4 - -2). Let l be 0 + b*(-1)/4. Let v be (l + 5)/1 - 1. Let j(s) = s**2 - 2*s - 2. Give j(v).
6
Let p(n) be the third derivative of -n**5/60 - 5*n**4/12 - 13*n**3/6 + 3*n**2 + 5. Give p(-9).
-4
Let i = 57 - 49. Let q(t) = 0*t**3 + i + t + 2*t + 5*t**2 + t**3 - 7. Determine q(-4).
5
Suppose -5*h - 3 = 12. Suppose 2*f + 0*f - 8 = 2*r, -3*r + 4 = 5*f. Let x(v) = -f + v + 4 - v + v. Determine x(h).
-1
Suppose 4*y = -5*d + 4*d - 20, -3*d = -5*y - 8. Let l = d + 9. Let w(h) = -2*h**2 + 2 + l*h + h**3 - 5*h**2 + h + 0. Determine w(6).
2
Let h(v) = -26*v**2 + 5*v. Let c(w) = 33*w**2 - 6*w. Let r(j) = 4*c(j) + 5*h(j). Calculate r(1).
3
Let k(c) = -11*c - 53. Let u be k(-4). Let f(q) = q**3 + 10*q**2 + 8*q + 1. Calculate f(u).
10
Let p = 1069 + -1064. Let y(f) be the second derivative of -p*f + 1/2*f**3 + 0 + 2*f**2. Determine y(-4).
-8
Suppose -l - l + 10 = 0. Suppose 11 = 4*b + k - 17, 35 = l*b - k. Let q(n) = 4*n - b - n - 4*n. What is q(-4)?
-3
Let y(q) = -16*q**2 - 11 - 22*q**2 - 21*q**2 + 72*q**2 - 13*q - 14*q**2. What is y(-12)?
1
Let h be (2/6)/((-3)/(-27)). Let o(q) = q**2 - q + 3. Let j(f) = -1 - 1 + 1. Let k(c) = 6*j(c) + o(c). Give k(h).
3
Let i(v) = -3*v - 1. Let f = -86 - -80. Let x be -7 - (1 - (-2 - f)/4). Calculate i(x).
20
Let c(t) = -6*t**2 + 7*t - 1. Let g(p) = -14*p**2 + 14*p - 2. Let q(s) = 5*c(s) - 2*g(s). Determine q(5).
-16
Suppose j + 14 = 6*j + 3*m, 5*j - 8 = -m. Suppose -2 = -z, -4*d + 29 + j = 3*z. Suppose d*v - 2*v - 20 = 0. Let a(s) = s + 2. What is a(v)?
7
Let m(a) be the third derivative of a**5/30 + 7*a**4/8 - 5*a**3/6 - a**2 + 40. Determine m(-11).
6
Let r be 32/(-6 - -2) - -6. Let i(u) = -u**3 + u**2 + u. Determine i(r).
10
Let w = -23 + 27. Suppose -2 + w = c. Let t(z) = z**3 - 3*z**2 + z - 1. Determine t(c).
-3
Suppose 0*r = -4*r + 12. Let g(k) = -k**3 + 3*k**2 + 2*k - 1. Let s be g(r). Let m(c) = 2*c - 7. Calculate m(s).
3
Let z = -449 + 446. Let y(c) = -c**2 - 2*c + 2. What is y(z)?
-1
Let y(q) = 5*q**2 + 3*q - 37. Let i(j) = 14*j**2 + 9*j - 104. Let l(g) = -6*i(g) + 17*y(g). Calculate l(5).
5
Let q(r) = 3 + 1524*r + 1532*r - 3071*r. Give q(3).
-42
Let j(w) be the first derivative of -10 + 1/3*w**3 + 1/2*w**2 - 2*w. Give j(3).
10
Let j(w) = -w**2 - 10*w - 19. Let m be 96/(-4)*(-29)/(-87). What is j(m)?
-3
Let r = 6 - 6. Let h be 0*(r/(-3) - 1). Suppose -2*i - i - 18 = h. Let o(n) = -n**3 - 6*n**2 + 2. Determine o(i).
2
Let v(a) = 10*a**2 - 4*a. Let x(t) be the third derivative of -3*t**5/20 + t**4/8 + 12*t**2. Let c(s) = 2*v(s) + 3*x(s). Give c(1).
-6
Let p(c) = -11*c - 1. Let o be 3*2/(-3) - 0/(-23). Calculate p(o).
21
Let o(s) = -s - 4. Suppose 41*r - 25 = 36*r. Suppose -16 - 24 = -r*q. What is o(q)?
-12
Let m(u) = -1 - 1 - 2 + 3 + 2 - 2*u. Determine m(-5).
11
Let v(r) be the third derivative of r**4/24 - 7*r**3/6 - 3*r**2 + 8. Calculate v(9).
2
Suppose 3*d - 5 - 4 = 0. Let n(h) be the first derivative of h**2/2 - 4*h + 9. Let t be n(d). Let i(c) = -9*c + 1. Give i(t).
10
Let g(v) = -3*v - 3. Let r(i) be the second derivative of i**3/3 + i**2 - 3*i - 7. Let y = -6 - -3. Let j(x) = y*g(x) - 5*r(x). Give j(4).
-5
Let w(c) = -c - 7. Let z(s) = -s - 6. Let b(h) = 6*w(h) - 7*z(h). Suppose 4*n + 72 = 5*x, 5*x - 8 = 5*n + 67. Suppose -x = d - 3*d. Calculate b(d).
6
Let a(l) = -8*l**2 + 3*l - 4. Let v(g) be the third derivative of g**5/4 - 5*g**4/24 + 7*g**3/6 + 25*g**2. Let r(i) = 5*a(i) + 3*v(i). What is r(2)?
21
Let l(m) = 3*m - 6. Suppose 2*c - 1 = c. Let f be c + (1 - 5) + 5. Suppose r = f*v + v - 6, -2*v = 4*r - 32. What is l(r)?
12
Let g be 4/18 - 817/(-171). Let x(o) = -2*o + 2. What is x(g)?
-8
Let u(s) be the second derivative of 5*s**3/3 - 75*s**2/2 - 387*s. Calculate u(8).
5
Let t(a) = -2*a + 20. Suppose -11*j = 24*j - 385. What is t(j)?
-2
Let z be (-7)/49 + (-648)/(-126). Let s(r) = -7*r + 9. Let k(x) = x - 1. Suppose -i - 4 = -0*i. Let q(u) = i*k(u) - s(u). Give q(z).
10
Let r(w) be the second derivative of -14*w + 1/3*w**4 + 1/3*w**3 - w**2 + 0. What is r(2)?
18
Let i(m) = -7*m - 22. Let s be i(-7). Let n = s + -26. Let g(x) = 4*x + x - n - 7*x - x**2. What is g(-1)?
0
Let n(y) = y + 10. Suppose 3*g + 44 - 2 = 0. What is n(g)?
-4
Let b(x) be the third derivative of 1/6*x**3 - 1/12*x**4 - 1/12*x**5 - 1/120*x**6 + 0 + 8*x**2 + 0*x. Calculate b(-2).
-7
Let r(j) = -4*j + 11. Let x = -816 + 808. What is r(x)?
43
Let m(j) = -j. Suppose -5*z = -0*z + 10. Let v(g) = 2*g. Let o(t) = z*m(t) + v(t). Let w be 18/(-14) + 2/7. What is o(w)?
-4
Let w(c) = c**3 + 3*c**2 - 3*c. Let x(i) = -i**2 - 3*i - 3. Let u(y) = -3*y**2 - 10*y - 9. Let q(k) = -2*u(k) + 7*x(k). Let r be q(0). What is w(r)?
9
Let s = 16 - 13. Let y(c) = 4 - 10*c**3 + 2 + 9*c**s + c - 5 - 2*c**2. Let k = -11 + 8. What is y(k)?
7
Let p(u) = -3*u - 6. Suppose -s = -4*s - 15. Let q(h) be the first derivative of 2*h**2 + 7*h + 13. Let w(f) = s*p(f) - 4*q(f). Calculate w(0).
2
Let x = -2 + -2. Let y = 113 + -74. Let w(i) = -y + 20 + 22 + 5*i + i**2. What is w(x)?
-1
Let o(s) = s**2 + s + 5. Let q = -170 + 170. Give o(q).
5
Let o(d) = -7*d + 2*d**2 - 3*d**2 + 6 + 2*d**2. Let h = -5 + 9. Let i be o(h). Let y(w) = -w**2 - 6*w + 4. Determine y(i).
4
Let h be (-17)/(-5) + (-8)/20. Let p(n) = h*n - n**2 + n - 9*n. Let i(t) = -t**2 - 7*t - 6. Let c be i(-7). Calculate p(c).
-6
Suppose 5*c = -2*k - 24, 0 = -2*k - 3*c - 24 + 8. Let u(s) = 5*s**2 + 9*s**2 + 2 + 4*s + 3*s**2 - 15*s**2. What is u(k)?
2
Let v(x) be the second derivative of -17*x**3/6 + 2*x**2 + x - 80. What is v(2)?
-30
Let j = 66 + -63. Let b(t) = -4*t + 7 - 4 - 2*t + j*t. Suppose 6 = 6*n - 3*n. Determine b(n).
-3
Let r(d) be the second derivative of d**5/20 + d**4/4 - d**3/2 - 13*d. Let j be r(-4). Let f(o) = -o - 4. Give f(j).
0
Let i = -13 + 8. Let q(h) = -126*h - 2 + 371*h - 123*h - 123*h + 0. What is q(i)?
3
Let w(n) be the second derivative of -n**5/4 + n**4/12 - 5*n**3/6 + 9*n**2/2 + 28*n. Let i(x) = 2*x**3 + 3*x - 4. Let r(y) = -7*i(y) - 3*w(y). Calculate r(4).
-7
Suppose d + 0 + 4 = 0. Suppose -3*i = -3*w - 6*i + 9, 4*i = 4*w - 4. Let y(n) = w - 5*n + 0*n + 5*n - 2*n. Calculate y(d).
10
Suppose -4*w + 2 = -2*m, -m + 3 = 2*m - 3*w. Let k(g) = -3 + 4 + 0*g + m*g. Let a(i) = -4*i - 1. Let y(f) = 5*a(f) + 6*k(f). Give y(-3).
7
Let x be (-1 - 2)/((-6)/18). Let g(s) = 19 - 15 + s - x. Suppose -4*i - 20 = -3*u, 5*u - 2*u = -5*i - 25. Give g(u).
-5
Let g(q) = -q**3 - 5*q**2 - 5*q + 1. Suppose -4*o - 2 = -r, 7 = -r + 2*r + o. Suppose -r = 3*j + 6. Give g(j).
5
Let w(t) be the second derivative of 0 + 17/6*t**3 + t - 1/2*t**2. Calculate w(-1).
-18
Let t(l) = 2*l - 10. Suppose -5*x - 91 = -18*x. What is t(x)?
4
Suppose -2*k = -4*g - 3*k - 5, 5*g + 22 = 4*k. Let j be 0 - (-12)/4 - 1. Let m(s) = -j*s - s**2 + 2 - 7 + s + 3. Give m(g).
-4
Let u(q) = 4 + 1057*q - 1053*q - 15. Give u(10).
29
Let l(y) be the second derivative of -y**5/20 - 3*y**4/4 - 4*y**3/3 - 7*y**2/2 - 237*y. What is l(-8)?
-7
Let v(f) = f**2 + 5*f + 2. Let p be v(-2). Let a(d) = d + 0*d + 4 - 2*d - d**2 - 2*d. What is a(p)?
0
Suppose -3 = 4*v - v. Let h(b) = -b + 1. Let t be h(-3). Let r(z) = 5 + z - z - t*z**2 - 4 + z. Give r(v).
-4
Let q be 6/((-1)/(-2)*-2). Let u(t) = -14*t**3 + 11*t + 15*t**3 - 7*t + 7*t**2 - 8. Determine u(q).
4
Suppose 0 = 